1?
False
Is 20673 a multiple of 173?
False
Is 24 a factor of 4224?
True
Is 3678 a multiple of 79?
False
Is 3 a factor of 223?
False
Is 64 a factor of 1396?
False
Is 53 a factor of 318?
True
Does 9 divide 159?
False
Is 28 a factor of 130?
False
Does 57 divide 45600?
True
Is 70 a factor of 20860?
True
Does 50 divide 157?
False
Does 19 divide 2983?
True
Does 130 divide 3791?
False
Is 2088 a multiple of 29?
True
Is 26 a factor of 2808?
True
Does 95 divide 3135?
True
Is 8382 a multiple of 66?
True
Is 268 a multiple of 81?
False
Does 27 divide 5485?
False
Is 185 a multiple of 2?
False
Is 15 a factor of 56?
False
Is 5544 a multiple of 126?
True
Is 1026 a multiple of 18?
True
Is 2373 a multiple of 113?
True
Is 32 a factor of 87548?
False
Is 3446 a multiple of 5?
False
Is 29 a factor of 290?
True
Does 34 divide 6122?
False
Is 5478 a multiple of 66?
True
Is 92106 a multiple of 357?
True
Is 139 a factor of 16355?
False
Is 1666 a multiple of 14?
True
Is 1827 a multiple of 9?
True
Is 3815 a multiple of 11?
False
Does 57 divide 10773?
True
Does 8 divide 15246?
False
Does 15 divide 10455?
True
Is 16 a factor of 2544?
True
Does 44 divide 1188?
True
Is 10 a factor of 5492?
False
Is 4 a factor of 192?
True
Does 93 divide 17019?
True
Is 51 a factor of 102?
True
Does 14 divide 40153?
False
Does 40 divide 3704?
False
Is 28 a factor of 1176?
True
Does 26 divide 1066?
True
Is 4 a factor of 5940?
True
Is 11 a factor of 2408?
False
Is 6 a factor of 6477?
False
Is 868 a multiple of 217?
True
Does 16 divide 89?
False
Is 28 a factor of 5544?
True
Does 11 divide 939?
False
Does 89 divide 1602?
True
Does 72 divide 1944?
True
Does 87 divide 52100?
False
Is 28 a factor of 308?
True
Is 24667 a multiple of 206?
False
Does 31 divide 2710?
False
Is 1204 a multiple of 28?
True
Is 2009 a multiple of 9?
False
Is 51 a factor of 18922?
False
Is 33 a factor of 400?
False
Is 44 a factor of 18744?
True
Is 6307 a multiple of 17?
True
Is 18 a factor of 3204?
True
Is 5815 a multiple of 28?
False
Is 55 a factor of 2470?
False
Is 38412 a multiple of 9?
True
Does 26 divide 2912?
True
Is 99 a factor of 29106?
True
Is 233 a multiple of 3?
False
Does 99 divide 987?
False
Is 16 a factor of 119?
False
Is 3166 a multiple of 8?
False
Is 8 a factor of 6505?
False
Is 9085 a multiple of 14?
False
Is 60 a multiple of 12?
True
Does 7 divide 29619?
False
Does 15 divide 633?
False
Is 1318 a multiple of 48?
False
Does 6 divide 11596?
False
Is 11 a factor of 41781?
False
Is 1961 a multiple of 20?
False
Does 7 divide 1756?
False
Does 76 divide 23332?
True
Does 63 divide 1638?
True
Is 4355 a multiple of 27?
False
Does 7 divide 5082?
True
Is 52 a factor of 6909?
False
Does 7 divide 13538?
True
Does 25 divide 2431?
False
Is 33 a factor of 1005?
False
Does 21 divide 44958?
False
Is 1532 a multiple of 115?
False
Is 39 a factor of 2339?
False
Is 140 a multiple of 5?
True
Is 484 a factor of 146654?
False
Is 3127 a multiple of 10?
False
Is 14 a factor of 8008?
True
Is 4 a factor of 636?
True
Does 118 divide 7003?
False
Is 5006 a multiple of 17?
False
Is 15 a factor of 4455?
True
Is 14 a factor of 700?
True
Does 7 divide 2806?
False
Is 14 a factor of 2075?
False
Does 9 divide 3303?
True
Is 1450 a multiple of 25?
True
Is 154 a multiple of 12?
False
Does 72 divide 10584?
True
Does 61 divide 7381?
True
Is 1791 a multiple of 48?
False
Is 2628 a multiple of 15?
False
Does 111 divide 4551?
True
Does 119 divide 25942?
True
Is 58 a factor of 5278?
True
Does 8 divide 310?
False
Does 55 divide 14565?
False
Is 105 a factor of 4720?
False
Does 8 divide 4483?
False
Is 2096 a multiple of 16?
True
Is 186 a multiple of 31?
True
Does 8 divide 1752?
True
Is 5801 a multiple of 36?
False
Does 43 divide 244?
False
Is 9 a factor of 45?
True
Is 16 a factor of 2202?
False
Is 20979 a multiple of 63?
True
Is 468 a multiple of 36?
True
Does 4 divide 14557?
False
Is 40 a multiple of 10?
True
Does 32 divide 18030?
False
Does 73 divide 1825?
True
Is 74 a factor of 478?
False
Is 4060 a multiple of 14?
True
Does 6 divide 1014?
True
Is 137 a factor of 40342?
False
Is 96 a factor of 3400?
False
Is 373 a factor of 10867?
False
Is 195 a multiple of 15?
True
Does 6 divide 2598?
True
Is 38 a factor of 57?
False
Is 400 a multiple of 13?
False
Is 26 a factor of 1891?
False
Is 62220 a multiple of 38?
False
Does 11 divide 9427?
True
Is 30 a factor of 300?
True
Is 96 a factor of 2592?
True
Is 12 a factor of 1683?
False
Is 65056 a multiple of 38?
True
Does 87 divide 9919?
False
Is 393 a multiple of 36?
False
Does 141 divide 64437?
True
Is 15 a factor of 5970?
True
Is 34 a factor of 340?
True
Does 102 divide 15802?
False
Does 12 divide 816?
True
Is 20 a factor of 324?
False
Does 8 divide 928?
True
Is 4 a factor of 496?
True
Is 1346 a multiple of 14?
False
Does 45 divide 27225?
True
Is 24491 a multiple of 19?
True
Is 5029 a multiple of 107?
True
Does 60 divide 9750?
False
Is 7 a factor of 308?
True
Does 35 divide 2465?
False
Is 33 a factor of 19948?
False
Is 8 a factor of 232?
True
Is 20 a factor of 1078?
False
Does 2 divide 10?
True
Is 3375 a multiple of 125?
True
Is 3384 a multiple of 24?
True
Is 22351 a multiple of 217?
True
Does 53 divide 6561?
False
Is 1011 a multiple of 16?
False
Does 7 divide 1493?
False
Is 39 a factor of 3348?
False
Is 16 a factor of 416?
True
Does 17 divide 9563?
False
Does 445 divide 110300?
False
Does 38 divide 3496?
True
Is 14 a factor of 3878?
True
Is 69 a factor of 133965?
False
Is 99 a factor of 3564?
True
Does 220 divide 47370?
False
Does 14 divide 502?
False
Is 943 a multiple of 41?
True
Is 14971 a multiple of 11?
True
Is 79 a factor of 22988?
False
Is 4 a factor of 25?
False
Is 91 a factor of 1001?
True
Is 8145 a multiple of 181?
True
Is 13 a factor of 10933?
True
Does 71 divide 5902?
False
Does 6 divide 1914?
True
Does 49 divide 7595?
True
Is 113 a factor of 13201?
False
Does 18 divide 4625?
False
Does 35 divide 4894?
False
Does 107 divide 2247?
True
Is 40259 a multiple of 183?
False
Is 6 a factor of 204?
True
Is 51 a factor of 3009?
True
Does 12 divide 748?
False
Is 1457 a multiple of 61?
False
Is 8 a factor of 1216?
True
Does 28 divide 448?
True
Does 3 divide 10062?
True
Is 51 a factor of 3674?
False
Does 4 divide 184?
True
Does 4 divide 1212?
True
Does 9 divide 630?
True
Does 14 divide 770?
True
Is 11 a factor of 28227?
False
Does 43 divide 3483?
True
Is 1627 a multiple of 16?
False
Does 115 divide 805?
True
Is 16 a factor of 243?
False
Does 129 divide 14577?
True
Is 77 a factor of 2589?
False
Is 184 a factor of 4968?
True
Does 33 divide 1053?
False
Is 6 a factor of 2868?
True
Does 39 divide 162465?
False
Does 31 divide 620?
True
Is 90 a factor of 87570?
True
Does 4 divide 11180?
True
Is 59 a factor of 177?
True
Does 74 divide 6405?
False
Does 4 divide 29208?
True
Is 13 a factor of 1032?
False
Is 4004 a multiple of 44?
True
Is 384 a multiple of 24?
True
Does 10 divide 750?
True
Is 30 a factor of 462?
False
Is 1020 a multiple of 10?
True
Is 10520 a multiple of 40?
True
Is 2838 a multiple of 236?
False
Does 7 divide 84?
True
Is 70 a factor of 8400?
True
Does 202 divide 4646?
True
Is 2 a factor of 50?
True
Does 7 divide 2590?
True
Is 28951 a multiple of 221?
True
Is 3900 a multiple of 27?
False
Does 114 divide 2599?
False
Is 20086 a multiple of 11?
True
Is 4 a factor of 248?
True
Is 4459 a multiple of 10?
False
Is 7 a factor of 6741?
True
Is 871 a multiple of 68?
False
Is 69 a factor of 1311?
True
Is 30 a factor of 4860?
True
Is 117 a multiple of 32?
False
Is 275 a multiple of 19?
False
Is 15 a factor of 1074?
False
Does 70 divide 12294?
False
Is 736 a multiple of 4?
True
Is 137 a factor of 22057?
True
Is 28 a factor of 3807?
False
Is 20 a factor of 807?
False
Is 3358 a multiple of 73?
True
Is 390 a multiple of 13?
True
Is 344 a factor of 71560?
False
Is 89 a factor of 9434?
True
Does 24 divide 2860?
False
Is 34 a factor of 564?
False
Is 1860 a multiple of 15?
True
Is 21 a factor of 26594?
False
Is 53882 a multiple of 21?
False
Is 48 a factor of 19776?
True
Is 9260 a multiple of 183?
False
Does 137 divide 2817?
False
Is 5 a factor of 555?
True
Does 12 divide 4044?
True
Is 672 a multiple of 24?
True
Is 774 a multiple of 87?
False
Does 30 divide 450?
True
Does 5 divide 62?
False
Does 9 divide 360?
True
Does 19 divide 228?
Tr